*f + 5*v + 25 = 0. Let m(d) = -5*d + 3 + d**3 - 2*d**3 - 6*d**2 + 0 + 2. What is m(f)?
5
Let h(b) be the first derivative of b**3/3 + 5*b**2/2 + 5*b - 6. Let a(l) = l**2 + 5*l + 5. Let w(y) = -4*a(y) + 5*h(y). Determine w(-4).
1
Let t(h) = -9*h**3 - 2 - 3 + 7*h**3 - 4*h**2 + 1. Calculate t(-3).
14
Let l = -18 + 17. Let d(t) = -5*t**3 + 2*t**2 + t. Give d(l).
6
Let z(h) be the third derivative of 0*h + h**2 + 0 + 1/4*h**4 - 1/6*h**3. Let t(k) = k**2 - 9*k + 1. Let r be t(9). Calculate z(r).
5
Suppose -c + 3 = 1. Let f = c - 0. Let v(k) = 3*k**2 + k - 1 + 2 - 4*k**f. Determine v(-2).
-5
Let w(g) be the third derivative of g**5/60 - g**4/24 + g**3/3 + 9*g**2. Calculate w(3).
8
Let f(a) = -2*a - 4*a + 4*a + 1 + 8. Let h be f(7). Let r(o) be the third derivative of o**6/120 + o**5/15 - o**4/6 + o**3 + o**2. Determine r(h).
1
Let h be ((-4)/12)/((-2)/18). Let y(v) = -4*v**2 + 0*v**2 - v - v + h*v**2 + 4. Give y(-3).
1
Let z(d) = -d + 2. Suppose 0 = -2*m - 3 + 11. What is z(m)?
-2
Let d(a) = -2*a. Let l(z) = z**2 - 1. Let v be (-4)/3*(-33)/22. Let t be l(v). Give d(t).
-6
Let h(n) = 5*n**2 + 4*n - 10*n - n**3 + 0*n + 2 + 0*n**3. Suppose -2*w + 13 = 5. Calculate h(w).
-6
Let q(f) = -7*f**2 + 5*f. Suppose -2*m = m + 15. Let y(k) = -6*k**2 + 4*k. Let j(b) = m*y(b) + 4*q(b). What is j(2)?
8
Let v(d) = 3*d**2 + 3*d. Let z be v(-2). Let r(c) = -5 + z*c - c + c - 3*c. Give r(5).
10
Let p = -11 - -14. Suppose p*g = -2*g - 10. Let h(x) = -14*x**2 - 8*x - 3. Let d(i) = -5*i**2 - 3*i - 1. Let o(z) = 17*d(z) - 6*h(z). Give o(g).
3
Let w(k) be the first derivative of k**4/4 - 4*k**3/3 - k**2/2 + 2*k - 9. Determine w(4).
-2
Let j(x) be the second derivative of x**3/2 - 2*x. Let a(q) = -q**3 + 7*q**2 - 7*q + 5. Let z be (-8)/(-6)*(-18)/(-4). Let f be a(z). Give j(f).
-3
Let r(n) = -33 + 58 - 2*n - n - 28. Let q be (3/6)/((-1)/4). Calculate r(q).
3
Let z(o) = 9*o**3 + 5*o**2 + 9*o - 9. Let m(l) = 5*l**3 + 3*l**2 + 5*l - 5. Let v(g) = -7*m(g) + 4*z(g). Calculate v(1).
0
Let y(n) be the first derivative of -2/3*n**3 + 1 + 6*n + 3*n**2. Give y(5).
-14
Let l(h) be the second derivative of -h**6/40 - h**5/120 - h**4/24 - h**3/6 - 2*h. Let t(f) be the second derivative of l(f). What is t(-1)?
-9
Suppose u + 22 = 3*u. Let j = u + -7. Let r(z) = 5*z - 3. Let c(v) = v. Let x(f) = 4*c(f) - r(f). Determine x(j).
-1
Let j(m) be the third derivative of 1/120*m**6 - 1/12*m**4 + 1/2*m**3 + 0*m**5 + 0 + 9*m**2 + 0*m. Give j(2).
7
Let a(g) = g**3 - 5*g**2 - 8*g + 1. Let k be a(6). Let f = 16 + k. Suppose 8*l - f*l = 5*w - 11, -2*l = -2*w + 2. Let p(u) = -u**2 + 6*u - 6. Give p(w).
2
Let v(l) = -l**2 - 6*l - 4. Let w be v(-4). Let i(m) = -5*m**3 - w*m**2 + 7*m**2 - m - 3*m**2. Suppose -2*u - 12 = -2, -p - 4*u = 21. Give i(p).
6
Let o = 4 + -7. Let w(m) = -m**3 - 3*m**2 - 2*m - 3. Let j(p) = -p**2 - p. Let q(a) = -2*j(a) - w(a). What is q(o)?
9
Let j(u) = -u**2 - 6*u + 22. Let b be j(-8). Let d(w) = -3*w**2 + 21*w - 17. Let h(i) = -2*i**2 + 14*i - 11. Let c(r) = -5*d(r) + 8*h(r). What is c(b)?
3
Let g(x) = x**3 - 7*x**2 + 7*x - 8. Let w be g(6). Let c(a) be the third derivative of a**2 + 0 - 1/60*a**5 + 1/6*a**3 + 0*a + 1/24*a**4. What is c(w)?
-5
Suppose 2 = -m - 3. Let n(y) = -7*y**2 + 3*y - 2. Let u be (-3)/2*10/15. Let k(w) = -w**2 + w - 1. Let a(p) = u*n(p) + 6*k(p). Give a(m).
6
Suppose 6*k - k = 10. Suppose 3*r + 7 + k = 0. Let s(v) = v**2 - 4. Determine s(r).
5
Let f(g) = g + 1. Suppose -2 = -2*n + 3*n, 3*m = 4*n - 1. Determine f(m).
-2
Suppose -3*t = -k + 28 - 2, 3*t - 30 = -3*k. Suppose -5*f + 4 = k. Let l(q) be the third derivative of -q**5/60 - q**4/24 - q**2. Calculate l(f).
-2
Let t(h) = -5*h + 13. Let g(o) = -11*o + 27. Let m(z) = 6*g(z) - 13*t(z). Determine m(-8).
1
Suppose 3*j - 2 + 14 = 0. Let b(x) = 10*x - 24*x - 4 + 5*x + 6*x. What is b(j)?
8
Let q(x) = x**3 + 3*x**2 - 2*x + 1. Let t = -39 + 57. Let b be 3/5 + t/(-5). Calculate q(b).
7
Let q(b) = 6*b + 4. Let a(d) = -d**2 + d - 1. Let y(z) = a(z) + q(z). What is y(6)?
9
Let s be 16/(-6)*3/(-2). Let w be (18 + 0)*(-1)/(-3). Suppose -w = -s*r + r. Let c(x) = 3*x**2 - 3*x + 3. Give c(r).
9
Let k(j) be the third derivative of 0 - 4*j**2 + 1/6*j**3 + 1/6*j**4 + 0*j. Calculate k(3).
13
Let a = 75 - 75. Let o(h) be the third derivative of a + 4*h**2 + 1/60*h**5 + 0*h + h**3 + 1/6*h**4. Calculate o(-4).
6
Let t(v) = 3*v**2 - 6*v - 11. Let n(s) = s**2 - 3*s - 5. Let j(o) = -5*n(o) + 2*t(o). Let h(m) = 2*m**3 + 13*m**2 + 9*m + 14. Let i be h(-6). Calculate j(i).
7
Let t(y) = 3*y**2 + 8*y. Let k(f) = -2*f**2 - 5*f. Let l(z) = -7*k(z) - 5*t(z). Calculate l(-4).
4
Let s(w) be the second derivative of -w**4/12 - 2*w**3 - 6*w**2 + 27*w. Determine s(-11).
-1
Let v be ((-6)/10)/((-2)/10). Let y(i) = i - 2. What is y(v)?
1
Let w(d) = -7*d + 1 - 2 + d - 5 - d**2. Suppose j - 2*h + 14 = -4*h, -3*h = -3*j + 3. Give w(j).
2
Let u(n) = -n**2 + 9*n - 14. Let h be u(6). Let k(d) = -5*d + 0*d - 2*d**2 + 0*d**2 + 3*d**2. What is k(h)?
-4
Let j(p) be the third derivative of -7*p**4/24 - 2*p**2. Calculate j(-1).
7
Let t(z) = -z**3 - 10*z**2 - 4*z - 2. Let a(b) = b**2 + b. Let h(d) = 4*a(d) + t(d). Calculate h(-6).
-2
Let x(f) be the third derivative of -f**4/24 + f**2. Let b = 401 - 395. Determine x(b).
-6
Let o(i) = -i**3 - 2*i**2 + 3*i + 6. Let s(l) = -3*l**3 - 5*l**2 + 8*l + 19. Let d(n) = -8*o(n) + 3*s(n). Let q = -16 - -16. Determine d(q).
9
Let b(t) = t + 5. Let n(z) = -z**2 - 3*z. Let d be n(-4). Let y be b(d). Let h(c) = -y + c**2 + c - c. Calculate h(0).
-1
Let w(g) be the second derivative of 0 - 1/2*g**3 - 1/4*g**4 + 1/2*g**2 + 4*g + 1/20*g**5. What is w(4)?
5
Let b(s) be the third derivative of s**5/6 + s**4/24 - s**3/6 - 29*s**2. What is b(1)?
10
Let c(p) = 14*p + 16*p + 4 - 33*p. Let f be (-16)/(-6)*(-6)/(-4). Let k be f/((-3)/(9/(-3))). What is c(k)?
-8
Suppose i - 5*i = -16. Let k(l) = -l**2 - l + i*l + 0 - 4 - l**3 - 2*l. Let v(o) = o - 7. Let h be v(7). Determine k(h).
-4
Let s(h) = 4*h - 1. Suppose -3*q = -2*l + 1, l - 6*l - 2*q + 31 = 0. Suppose -3*g = p - 5*g + 2, l*p + 2*g = 14. Give s(p).
7
Let y(k) = -1. Let a(r) = 4*r**2 - r - 5. Let z(u) = -a(u) + 4*y(u). Calculate z(-1).
-4
Let p(k) = -7*k. Let s be p(-1). Let w = s - 0. Let o = w + -12. Let q(g) = g**3 + 6*g**2 + 7*g + 1. Calculate q(o).
-9
Suppose -2*h - 3*b = -9 - 10, 3*h - 3*b = 6. Let x(y) = -4 + 2 - h*y + 7*y**2 - y**3 + 0 - 2*y**2. Calculate x(4).
-6
Let u(w) = -7*w + 5 + 0*w**2 + w**2 + 3 - 7. Calculate u(5).
-9
Let z(f) be the second derivative of f**4/12 - f**3/3 - 3*f**2/2 - 6*f. Suppose 3*p = 5*y + 10, 4*y - 2*y = 4*p - 4. What is z(y)?
5
Let d(n) = -n + 4. Let t be d(0). Let p(w) be the second derivative of 4*w**2 + 3*w - 1/6*w**3 + 0. What is p(t)?
4
Let y(x) be the first derivative of 0*x + 3*x**2 - 8 + 1/3*x**3. What is y(-4)?
-8
Let w(s) be the second derivative of 0 - 3*s + 0*s**2 - 1/6*s**3 + 1/6*s**4 - 3/10*s**5. Give w(1).
-5
Let i(r) = r**2 - r - 1. Let n be (-4)/6 + 8/(-24). Determine i(n).
1
Let n(u) = -3*u**3 - u + 1. Suppose -k - 3*l = -13, 2*k + 0*l + 2 = l. What is n(k)?
-3
Let v(w) = 2*w - 1. Let c = -228 - -147. Let y be (8/6)/((-6)/c). Suppose 0 = -0*u + 2*u - 5*b + y, -5*b = -20. Give v(u).
1
Suppose -26 = 8*i + 5*i. Let y(a) = -3*a. What is y(i)?
6
Let m(f) = -f**3 - 1. Let p be m(-1). Let l(q) be the third derivative of q**2 + 1/12*q**4 + p + 0*q - q**3. Calculate l(5).
4
Let r(p) = p**3 - 6*p**2 - p + 7. Let h(k) = k**3 - 7*k**2 + 8. Let y(b) = -3*h(b) + 4*r(b). What is y(4)?
4
Let n(z) = -7*z**2 - z + 1. Let k be n(1). Let r(o) = 5*o**2 + 23*o - 1. Let t(u) = 3*u**2 + 12*u. Let h(g) = k*t(g) + 4*r(g). Give h(8).
-4
Let j(q) = q + 1. Suppose 179 = 4*o + 59. Let f be ((-18)/15)/(9/o). Give j(f).
-3
Let f be ((-4)/8)/((-1)/4). Let b(j) = 0*j**3 - 3 + 5*j + 2 - 2*j**2 - j**3 - 2*j. Calculate b(f).
-11
Let z be (-5 + 1)*45/20. Let b = -6 - z. Suppose -i + b = -2*i. Let v(n) = n. Calculate v(i).
-3
Suppose -l - 3*l = -48. Let d = 7 - l. Let r(v) = -v**2 - 5*v - 2. Calculate r(d).
-2
Let l be -3*1*2/6. Let n(d) = 5*d - 2. Let v(y) = -y - 1. Let o(t) = n(t) - 3*v(t). What is o(l)?
-7
Let k(b) = -4*b**2 + 2*b + 1. Let a(i) = -i**2 + 4*i + 6. Let y be a(5). Suppose -6 = 5*o - y. Give k(o).
-5
Suppose 12 = b + 2*b. Suppose -b*v = -6*v. L